{"id":28,"date":"2019-04-24T12:36:17","date_gmt":"2019-04-24T12:36:17","guid":{"rendered":"http:\/\/seniorennetz-as.org\/?page_id=28"},"modified":"2026-03-11T08:21:17","modified_gmt":"2026-03-11T08:21:17","slug":"unser-verein","status":"publish","type":"page","link":"https:\/\/seniorennetz-as.de\/?page_id=28","title":{"rendered":"Unser Verein"},"content":{"rendered":"\t\t<div data-elementor-type=\"wp-post\" data-elementor-id=\"28\" class=\"elementor elementor-28\">\n\t\t\t\t\t\t<section class=\"elementor-section elementor-top-section elementor-element elementor-element-0f98fe7 elementor-section-content-middle elementor-section-boxed elementor-section-height-default elementor-section-height-default\" data-id=\"0f98fe7\" data-element_type=\"section\" data-e-type=\"section\" data-settings=\"{&quot;background_background&quot;:&quot;classic&quot;}\">\n\t\t\t\t\t\t\t<div class=\"elementor-background-overlay\"><\/div>\n\t\t\t\t\t\t\t<div class=\"elementor-container elementor-column-gap-default\">\n\t\t\t\t\t<div class=\"elementor-column elementor-col-50 elementor-top-column elementor-element elementor-element-4cd3e37\" data-id=\"4cd3e37\" data-element_type=\"column\" data-e-type=\"column\">\n\t\t\t<div class=\"elementor-widget-wrap elementor-element-populated\">\n\t\t\t\t\t\t<div class=\"elementor-element elementor-element-92e1cf0 elementor-widget elementor-widget-spacer\" data-id=\"92e1cf0\" data-element_type=\"widget\" data-e-type=\"widget\" data-widget_type=\"spacer.default\">\n\t\t\t\t<div class=\"elementor-widget-container\">\n\t\t\t\t\t\t\t<div class=\"elementor-spacer\">\n\t\t\t<div class=\"elementor-spacer-inner\"><\/div>\n\t\t<\/div>\n\t\t\t\t\t\t<\/div>\n\t\t\t\t<\/div>\n\t\t\t\t<div class=\"elementor-element elementor-element-15ba968 elementor-widget elementor-widget-heading\" data-id=\"15ba968\" data-element_type=\"widget\" data-e-type=\"widget\" data-widget_type=\"heading.default\">\n\t\t\t\t<div class=\"elementor-widget-container\">\n\t\t\t\t\t<h2 class=\"elementor-heading-title elementor-size-default\">Unser Verein<\/h2>\t\t\t\t<\/div>\n\t\t\t\t<\/div>\n\t\t\t\t<div class=\"elementor-element elementor-element-6a70e70 elementor-widget elementor-widget-text-editor\" data-id=\"6a70e70\" data-element_type=\"widget\" data-e-type=\"widget\" data-widget_type=\"text-editor.default\">\n\t\t\t\t<div class=\"elementor-widget-container\">\n\t\t\t\t\t\t\t\t\t<p>Der Verein &#8222;<strong>Seniorennetz Amberg-Sulzbach e.V.<\/strong>&#8222;<br \/>wurde am 11.02.2004 gegr\u00fcndet und bietet Computerkurse, Interneteinf\u00fchrungen und Workshops f\u00fcr Personen ab ca. 50 Jahren an, in denen ohne Leistungsdruck alles rund um Computer, Laptop, Scanner, Drucker, Digitalkamera, Smartphone, etc. gelernt und ge\u00fcbt werden kann.<br \/>Alle Mitglieder,Tutoren und Kursleiter arbeiten ehrenamtlich um die Senioren f\u00fcr die digitalen Medien fit zu machen.<\/p>\t\t\t\t\t\t\t\t<\/div>\n\t\t\t\t<\/div>\n\t\t\t\t<div class=\"elementor-element elementor-element-4e9723e elementor-widget elementor-widget-spacer\" data-id=\"4e9723e\" data-element_type=\"widget\" data-e-type=\"widget\" data-widget_type=\"spacer.default\">\n\t\t\t\t<div class=\"elementor-widget-container\">\n\t\t\t\t\t\t\t<div class=\"elementor-spacer\">\n\t\t\t<div class=\"elementor-spacer-inner\"><\/div>\n\t\t<\/div>\n\t\t\t\t\t\t<\/div>\n\t\t\t\t<\/div>\n\t\t\t\t\t<\/div>\n\t\t<\/div>\n\t\t\t\t<div class=\"elementor-column elementor-col-50 elementor-top-column elementor-element elementor-element-b27d8bc\" data-id=\"b27d8bc\" data-element_type=\"column\" data-e-type=\"column\">\n\t\t\t<div class=\"elementor-widget-wrap elementor-element-populated\">\n\t\t\t\t\t\t<div class=\"elementor-element elementor-element-e06b144 elementor-widget elementor-widget-image\" data-id=\"e06b144\" data-element_type=\"widget\" data-e-type=\"widget\" data-widget_type=\"image.default\">\n\t\t\t\t<div class=\"elementor-widget-container\">\n\t\t\t\t\t\t\t\t\t\t\t\t\t\t\t<img fetchpriority=\"high\" decoding=\"async\" width=\"800\" height=\"227\" src=\"https:\/\/seniorennetz-as.de\/wp-content\/uploads\/2019\/04\/Together-1024x290.jpg\" class=\"attachment-large size-large wp-image-30\" alt=\"\" srcset=\"https:\/\/seniorennetz-as.de\/wp-content\/uploads\/2019\/04\/Together-1024x290.jpg 1024w, https:\/\/seniorennetz-as.de\/wp-content\/uploads\/2019\/04\/Together-300x85.jpg 300w, https:\/\/seniorennetz-as.de\/wp-content\/uploads\/2019\/04\/Together-768x217.jpg 768w\" sizes=\"(max-width: 800px) 100vw, 800px\" \/>\t\t\t\t\t\t\t\t\t\t\t\t\t\t\t<\/div>\n\t\t\t\t<\/div>\n\t\t\t\t\t<\/div>\n\t\t<\/div>\n\t\t\t\t\t<\/div>\n\t\t<\/section>\n\t\t\t\t<section class=\"elementor-section elementor-top-section elementor-element elementor-element-27a3991 elementor-section-boxed elementor-section-height-default elementor-section-height-default\" data-id=\"27a3991\" data-element_type=\"section\" data-e-type=\"section\">\n\t\t\t\t\t\t<div class=\"elementor-container elementor-column-gap-default\">\n\t\t\t\t\t<div class=\"elementor-column elementor-col-50 elementor-top-column elementor-element elementor-element-4b21f4d\" data-id=\"4b21f4d\" data-element_type=\"column\" data-e-type=\"column\">\n\t\t\t<div class=\"elementor-widget-wrap elementor-element-populated\">\n\t\t\t\t\t\t<div class=\"elementor-element elementor-element-a4f0fac elementor-widget elementor-widget-heading\" data-id=\"a4f0fac\" data-element_type=\"widget\" data-e-type=\"widget\" data-widget_type=\"heading.default\">\n\t\t\t\t<div class=\"elementor-widget-container\">\n\t\t\t\t\t<h2 class=\"elementor-heading-title elementor-size-default\">Werde Mitglied bei uns!<\/h2>\t\t\t\t<\/div>\n\t\t\t\t<\/div>\n\t\t\t\t\t<\/div>\n\t\t<\/div>\n\t\t\t\t<div class=\"elementor-column elementor-col-50 elementor-top-column elementor-element elementor-element-e11a3b8\" data-id=\"e11a3b8\" data-element_type=\"column\" data-e-type=\"column\">\n\t\t\t<div class=\"elementor-widget-wrap\">\n\t\t\t\t\t\t\t<\/div>\n\t\t<\/div>\n\t\t\t\t\t<\/div>\n\t\t<\/section>\n\t\t\t\t<section class=\"elementor-section elementor-top-section elementor-element elementor-element-a8ed6a2 elementor-section-boxed elementor-section-height-default elementor-section-height-default\" data-id=\"a8ed6a2\" data-element_type=\"section\" data-e-type=\"section\">\n\t\t\t\t\t\t<div class=\"elementor-container elementor-column-gap-default\">\n\t\t\t\t\t<div class=\"elementor-column elementor-col-50 elementor-top-column elementor-element elementor-element-ea8cd9b\" data-id=\"ea8cd9b\" data-element_type=\"column\" data-e-type=\"column\">\n\t\t\t<div class=\"elementor-widget-wrap elementor-element-populated\">\n\t\t\t\t\t\t<div class=\"elementor-element elementor-element-1496ab3 elementor-widget elementor-widget-text-editor\" data-id=\"1496ab3\" data-element_type=\"widget\" data-e-type=\"widget\" data-widget_type=\"text-editor.default\">\n\t\t\t\t<div class=\"elementor-widget-container\">\n\t\t\t\t\t\t\t\t\t<p>Verbessere Deine F\u00e4higkeiten in der digitalen Welt indem Du unserem Verein beitrittst.<br \/>Als Mitglied erh\u00e4ltst Du nicht nur verg\u00fcnstige Kursgeb\u00fchren sondern auch die Gelegenheit, Gleichgesinnte zu treffen.<\/p><p>Regelm\u00e4\u00dfiger Austausch vor, w\u00e4hrend und nach den Kursen und unsere gemeinsamen Veranstaltungen sorgen f\u00fcr spannende Gespr\u00e4chsinhalte.<\/p><p>Unsere Vereinsatzung findest Du <a href=\"https:\/\/seniorennetz-as.de\/wp-content\/uploads\/2022\/11\/Satzungsaenderung-2022_.pdf\" target=\"_blank\" rel=\"noopener\">hier<\/a>.<\/p>\t\t\t\t\t\t\t\t<\/div>\n\t\t\t\t<\/div>\n\t\t\t\t\t<\/div>\n\t\t<\/div>\n\t\t\t\t<div class=\"elementor-column elementor-col-50 elementor-top-column elementor-element elementor-element-5378d15\" data-id=\"5378d15\" data-element_type=\"column\" data-e-type=\"column\">\n\t\t\t<div class=\"elementor-widget-wrap elementor-element-populated\">\n\t\t\t\t\t\t<div class=\"elementor-element elementor-element-c2c8763 elementor-widget elementor-widget-text-editor\" data-id=\"c2c8763\" data-element_type=\"widget\" data-e-type=\"widget\" data-widget_type=\"text-editor.default\">\n\t\t\t\t<div class=\"elementor-widget-container\">\n\t\t\t\t\t\t\t\t\t<p>Den Aufnahmeantrag findest Du hier zum Download als PDF (Klicke einfach auf das Logo unten). F\u00fclle den einfach aus und gib ihn bei uns ab.<\/p><p>Nat\u00fcrlich kannst Du den auch einscannen und uns per Mail schicken. (Du wei\u00dft nicht, wie Du das machen kannst? Na, dann komm vorbei, wir zeigen es Dir.)<\/p>\t\t\t\t\t\t\t\t<\/div>\n\t\t\t\t<\/div>\n\t\t\t\t<div class=\"elementor-element elementor-element-3e55c71 elementor-view-default elementor-widget elementor-widget-icon\" data-id=\"3e55c71\" data-element_type=\"widget\" data-e-type=\"widget\" data-widget_type=\"icon.default\">\n\t\t\t\t<div class=\"elementor-widget-container\">\n\t\t\t\t\t\t\t<div class=\"elementor-icon-wrapper\">\n\t\t\t<a class=\"elementor-icon\" href=\"https:\/\/seniorennetz-as.de\/wp-content\/uploads\/2026\/03\/Aufnahmeantrag-2026.pdf\" target=\"_blank\">\n\t\t\t<i aria-hidden=\"true\" class=\"fas fa-download\"><\/i>\t\t\t<\/a>\n\t\t<\/div>\n\t\t\t\t\t\t<\/div>\n\t\t\t\t<\/div>\n\t\t\t\t\t<\/div>\n\t\t<\/div>\n\t\t\t\t\t<\/div>\n\t\t<\/section>\n\t\t\t\t<section class=\"elementor-section elementor-top-section elementor-element elementor-element-06d6534 elementor-section-boxed elementor-section-height-default elementor-section-height-default\" data-id=\"06d6534\" data-element_type=\"section\" data-e-type=\"section\" data-settings=\"{&quot;background_background&quot;:&quot;classic&quot;}\">\n\t\t\t\t\t\t<div class=\"elementor-container elementor-column-gap-default\">\n\t\t\t\t\t<div class=\"elementor-column elementor-col-100 elementor-top-column elementor-element elementor-element-c899def\" data-id=\"c899def\" data-element_type=\"column\" data-e-type=\"column\">\n\t\t\t<div class=\"elementor-widget-wrap elementor-element-populated\">\n\t\t\t\t\t\t<div class=\"elementor-element elementor-element-4d7f4b4 elementor-widget elementor-widget-heading\" data-id=\"4d7f4b4\" data-element_type=\"widget\" data-e-type=\"widget\" data-widget_type=\"heading.default\">\n\t\t\t\t<div class=\"elementor-widget-container\">\n\t\t\t\t\t<h2 class=\"elementor-heading-title elementor-size-default\">Was bieten wir Dir?<\/h2>\t\t\t\t<\/div>\n\t\t\t\t<\/div>\n\t\t\t\t<div class=\"elementor-element elementor-element-c8977bc elementor-widget elementor-widget-text-editor\" data-id=\"c8977bc\" data-element_type=\"widget\" data-e-type=\"widget\" data-widget_type=\"text-editor.default\">\n\t\t\t\t<div class=\"elementor-widget-container\">\n\t\t\t\t\t\t\t\t\t<p>Der Verein \u201eSeniorennetz Amberg-Sulzbach e.V.\u201c veranstaltet Kurse und Workshops f\u00fcr Menschen ab ca f\u00fcnfzig Jahren:<\/p><ul><li>Grundlagen f\u00fcr den praktischen Umgang mit Computer und Smartphone<\/li><li>Einf\u00fchrung in das Internet<\/li><li>Einf\u00fchrung in Office-Anwendungen (Schreibprogramme, Tabellenkalkulationen)<\/li><li>Einf\u00fchrung in Bildgestaltungsprogramme (Fotogruppe jeden 1. Mittwoch)<\/li><li>Einf\u00fchrung in die Videobearbeitung (Videogruppe jeden 3. Mittwoch)<\/li><\/ul><p>Unter dem Motto \u201eLernen ohne Leistungsdruck\u201c begleiten Dich unsere Tutoren auf dem Weg, mit dem in der VHS vorhandenen PCs oder ihren eigenen Laptops, Handy, Tablett oder Digitalkamera zu lernen und zu \u00fcben.<\/p><p>Weil \u00dcbung die Meisterin und Meister macht, wird ein gro\u00dfes Augenmerk beim Lernen am PC auf das \u00dcben und Vertiefen gelegt. Dazu erh\u00e4lt jeder Kursteilnehmer einen Gutschein mit dem sie\/er im offenen Computertreff am Mittwoch mehrere Nachmittage lang unter Anleitung \u00fcben kann. Anf\u00e4nger probieren unter Anleitung unserer Tutoren ihre ersten Schritte am PC aus. Versierte Senioren\/innen finden immer kompetente Ansprechpartner zum Fachsimpeln.<\/p><p><em><strong>Komm also einfach mal vorbei!<\/strong><\/em><\/p>\t\t\t\t\t\t\t\t<\/div>\n\t\t\t\t<\/div>\n\t\t\t\t\t<\/div>\n\t\t<\/div>\n\t\t\t\t\t<\/div>\n\t\t<\/section>\n\t\t\t\t<section class=\"elementor-section elementor-top-section elementor-element elementor-element-fd3e206 elementor-section-boxed elementor-section-height-default elementor-section-height-default\" data-id=\"fd3e206\" data-element_type=\"section\" data-e-type=\"section\">\n\t\t\t\t\t\t<div class=\"elementor-container elementor-column-gap-default\">\n\t\t\t\t\t<div class=\"elementor-column elementor-col-100 elementor-top-column elementor-element elementor-element-48b8ce2\" data-id=\"48b8ce2\" data-element_type=\"column\" data-e-type=\"column\">\n\t\t\t<div class=\"elementor-widget-wrap elementor-element-populated\">\n\t\t\t\t\t\t<div class=\"elementor-element elementor-element-488985f elementor-widget elementor-widget-image\" data-id=\"488985f\" data-element_type=\"widget\" data-e-type=\"widget\" data-widget_type=\"image.default\">\n\t\t\t\t<div class=\"elementor-widget-container\">\n\t\t\t\t\t\t\t\t\t\t\t\t\t\t\t<img decoding=\"async\" width=\"800\" height=\"566\" src=\"https:\/\/seniorennetz-as.de\/wp-content\/uploads\/2026\/02\/Flyer-Fruehjahr-Sommer-2026-1024x724.jpg\" class=\"attachment-large size-large wp-image-619\" alt=\"\" srcset=\"https:\/\/seniorennetz-as.de\/wp-content\/uploads\/2026\/02\/Flyer-Fruehjahr-Sommer-2026-1024x724.jpg 1024w, https:\/\/seniorennetz-as.de\/wp-content\/uploads\/2026\/02\/Flyer-Fruehjahr-Sommer-2026-300x212.jpg 300w, https:\/\/seniorennetz-as.de\/wp-content\/uploads\/2026\/02\/Flyer-Fruehjahr-Sommer-2026-768x543.jpg 768w, https:\/\/seniorennetz-as.de\/wp-content\/uploads\/2026\/02\/Flyer-Fruehjahr-Sommer-2026-1536x1086.jpg 1536w, https:\/\/seniorennetz-as.de\/wp-content\/uploads\/2026\/02\/Flyer-Fruehjahr-Sommer-2026-2048x1448.jpg 2048w\" sizes=\"(max-width: 800px) 100vw, 800px\" \/>\t\t\t\t\t\t\t\t\t\t\t\t\t\t\t<\/div>\n\t\t\t\t<\/div>\n\t\t\t\t\t<\/div>\n\t\t<\/div>\n\t\t\t\t\t<\/div>\n\t\t<\/section>\n\t\t\t\t<\/div>\n\t\t","protected":false},"excerpt":{"rendered":"<p>Unser Verein Der Verein &#8222;Seniorennetz Amberg-Sulzbach e.V.&#8222;wurde am 11.02.2004 gegr\u00fcndet und bietet Computerkurse, Interneteinf\u00fchrungen und Workshops f\u00fcr Personen ab ca. 50 Jahren an, in denen ohne Leistungsdruck alles rund um &#8230;<\/p>\n","protected":false},"author":1,"featured_media":0,"parent":0,"menu_order":0,"comment_status":"closed","ping_status":"closed","template":"elementor_header_footer","meta":{"footnotes":""},"class_list":["post-28","page","type-page","status-publish","hentry"],"_links":{"self":[{"href":"https:\/\/seniorennetz-as.de\/index.php?rest_route=\/wp\/v2\/pages\/28","targetHints":{"allow":["GET"]}}],"collection":[{"href":"https:\/\/seniorennetz-as.de\/index.php?rest_route=\/wp\/v2\/pages"}],"about":[{"href":"https:\/\/seniorennetz-as.de\/index.php?rest_route=\/wp\/v2\/types\/page"}],"author":[{"embeddable":true,"href":"https:\/\/seniorennetz-as.de\/index.php?rest_route=\/wp\/v2\/users\/1"}],"replies":[{"embeddable":true,"href":"https:\/\/seniorennetz-as.de\/index.php?rest_route=%2Fwp%2Fv2%2Fcomments&post=28"}],"version-history":[{"count":70,"href":"https:\/\/seniorennetz-as.de\/index.php?rest_route=\/wp\/v2\/pages\/28\/revisions"}],"predecessor-version":[{"id":638,"href":"https:\/\/seniorennetz-as.de\/index.php?rest_route=\/wp\/v2\/pages\/28\/revisions\/638"}],"wp:attachment":[{"href":"https:\/\/seniorennetz-as.de\/index.php?rest_route=%2Fwp%2Fv2%2Fmedia&parent=28"}],"curies":[{"name":"wp","href":"https:\/\/api.w.org\/{rel}","templated":true}]}}